t the prime factors of 2924.
2, 17, 43
What are the prime factors of 10421?
17, 613
What are the prime factors of 3033?
3, 337
What are the prime factors of 94819?
94819
What are the prime factors of 122?
2, 61
What are the prime factors of 126391?
97, 1303
List the prime factors of 365.
5, 73
List the prime factors of 8774.
2, 41, 107
What are the prime factors of 392?
2, 7
What are the prime factors of 69808?
2, 4363
List the prime factors of 57749.
17, 43, 79
List the prime factors of 1834.
2, 7, 131
What are the prime factors of 19928?
2, 47, 53
List the prime factors of 3100.
2, 5, 31
List the prime factors of 729.
3
What are the prime factors of 34?
2, 17
What are the prime factors of 5618?
2, 53
List the prime factors of 659.
659
List the prime factors of 2652.
2, 3, 13, 17
List the prime factors of 5645.
5, 1129
What are the prime factors of 3652?
2, 11, 83
What are the prime factors of 6566?
2, 7, 67
What are the prime factors of 421?
421
List the prime factors of 48262.
2, 59, 409
What are the prime factors of 11534?
2, 73, 79
What are the prime factors of 5901?
3, 7, 281
What are the prime factors of 1311?
3, 19, 23
What are the prime factors of 509?
509
What are the prime factors of 1073?
29, 37
What are the prime factors of 66?
2, 3, 11
What are the prime factors of 18959?
18959
What are the prime factors of 9477?
3, 13
List the prime factors of 41537.
73, 569
List the prime factors of 65907.
3, 2441
List the prime factors of 49557.
3, 16519
What are the prime factors of 55540?
2, 5, 2777
List the prime factors of 11053.
7, 1579
What are the prime factors of 5851?
5851
What are the prime factors of 867?
3, 17
What are the prime factors of 887?
887
List the prime factors of 31944.
2, 3, 11
What are the prime factors of 92?
2, 23
What are the prime factors of 181497?
3, 101, 599
List the prime factors of 25380.
2, 3, 5, 47
What are the prime factors of 12002?
2, 17, 353
What are the prime factors of 16191?
3, 7, 257
List the prime factors of 3310.
2, 5, 331
What are the prime factors of 14481?
3, 1609
What are the prime factors of 4526?
2, 31, 73
What are the prime factors of 8036?
2, 7, 41
List the prime factors of 116679.
3, 19, 23, 89
What are the prime factors of 102?
2, 3, 17
List the prime factors of 28813.
28813
List the prime factors of 4275.
3, 5, 19
What are the prime factors of 9724?
2, 11, 13, 17
What are the prime factors of 641?
641
What are the prime factors of 5405?
5, 23, 47
List the prime factors of 5011.
5011
List the prime factors of 41433.
3, 7, 1973
List the prime factors of 2391.
3, 797
List the prime factors of 19935.
3, 5, 443
What are the prime factors of 985?
5, 197
List the prime factors of 76927.
43, 1789
What are the prime factors of 164409?
3, 7, 7829
What are the prime factors of 4296?
2, 3, 179
What are the prime factors of 8234?
2, 23, 179
What are the prime factors of 791?
7, 113
List the prime factors of 328.
2, 41
List the prime factors of 1444.
2, 19
List the prime factors of 846.
2, 3, 47
What are the prime factors of 32589?
3, 17, 71
What are the prime factors of 12009?
3, 4003
List the prime factors of 3351.
3, 1117
What are the prime factors of 13833?
3, 29, 53
List the prime factors of 5985.
3, 5, 7, 19
List the prime factors of 475.
5, 19
What are the prime factors of 13069?
7, 1867
List the prime factors of 8.
2
What are the prime factors of 36975?
3, 5, 17, 29
What are the prime factors of 18615?
3, 5, 17, 73
What are the prime factors of 115943?
23, 71
List the prime factors of 253.
11, 23
List the prime factors of 32208.
2, 3, 11, 61
What are the prime factors of 4084?
2, 1021
List the prime factors of 972.
2, 3
List the prime factors of 201710.
2, 5, 23, 877
What are the prime factors of 3146?
2, 11, 13
What are the prime factors of 130701?
3, 19, 2293
What are the prime factors of 22975?
5, 919
What are the prime factors of 21589?
21589
List the prime factors of 2031.
3, 677
What are the prime factors of 7020?
2, 3, 5, 13
What are the prime factors of 13724?
2, 47, 73
List the prime factors of 704.
2, 11
List the prime factors of 10652.
2, 2663
What are the prime factors of 48306?
2, 3, 83, 97
What are the prime factors of 259?
7, 37
List the prime factors of 11604.
2, 3, 967
What are the prime factors of 114297?
3, 31, 1229
What are the prime factors of 12074?
2, 6037
What are the prime factors of 27702?
2, 3, 19
List the prime factors of 32949.
3, 7, 523
List the prime factors of 3309.
3, 1103
What are the prime factors of 1369?
37
List the prime factors of 72340.
2, 5, 3617
What are the prime factors of 40839?
3, 13613
List the prime factors of 1748.
2, 19, 23
List the prime factors of 36952.
2, 31, 149
What are the prime factors of 1272?
2, 3, 53
List the prime factors of 8609.
8609
What are the prime factors of 31909?
17, 1877
What are the prime factors of 2025?
3, 5
What are the prime factors of 38001?
3, 53, 239
What are the prime factors of 9124?
2, 2281
What are the prime factors of 7746?
2, 3, 1291
List the prime factors of 55562.
2, 13, 2137
List the prime factors of 265.
5, 53
List the prime factors of 30106.
2, 15053
List the prime factors of 98355.
3, 5, 79, 83
List the prime factors of 1682.
2, 29
List the prime factors of 1332.
2, 3, 37
What are the prime factors of 1124?
2, 281
List the prime factors of 44394.
2, 3, 7, 151
What are the prime factors of 989?
23, 43
List the prime factors of 46344.
2, 3, 1931
What are the prime factors of 18520?
2, 5, 463
List the prime factors of 2941.
17, 173
List the prime factors of 48659.
13, 19, 197
List the prime factors of 1323.
3, 7
What are the prime factors of 55166?
2, 27583
List the prime factors of 111817.
31, 3607
What are the prime factors of 58?
2, 29
What are the prime factors of 77927?
149, 523
List the prime factors of 18485.
5, 3697
List the prime factors of 514.
2, 257
What are the prime factors of 4472?
2, 13, 43
What are the prime factors of 419?
419
What are the prime factors of 142735?
5, 28547
What are the prime factors of 726?
2, 3, 11
What are the prime factors of 1786?
2, 19, 47
What are the prime factors of 15652?
2, 7, 13, 43
What are the prime factors of 23077?
47, 491
What are the prime factors of 23064?
2, 3, 31
List the prime factors of 624.
2, 3, 13
What are the prime factors of 574?
2, 7, 41
What are the prime factors of 850?
2, 5, 17
What are the prime factors of 4002?
2, 3, 23, 29
List the prime factors of 1834.
2, 7, 131
List the prime factors of 5700.
2, 3, 5, 19
List the prime factors of 3063.
3, 1021
What are the prime factors of 1381?
1381
What are the prime factors of 956?
2, 239
What are the prime factors of 3526?
2, 41, 43
What are the prime factors of 94087?
7, 13441
What are the prime factors of 102967?
102967
List the prime factors of 1920.
2, 3, 5
List the prime factors of 9410.
2, 5, 941
List the prime factors of 31785.
3, 5, 13, 163
What are the prime factors of 2551?
2551
List the prime factors of 64815.
3, 5, 29, 149
What are the prime factors of 9965?
5, 1993
List the prime factors of 24548.
2, 17, 19
What are the prime factors of 15093?
3, 13, 43
What are the prime factors of 39166?
2, 19583
What are the prime factors of 4003?
4003
List the prime factors of 60793.
60793
What are the prime factors of 124775?
5, 7, 23, 31
List the prime factors of 8762.
2, 13, 337
List the prime factors of 31484.
2, 17, 463
List the prime factors of 1580.
2, 5, 79
What are the prime factors of 991?
991
What are the prime factors of 40117?
7, 11, 521
What are the prime factors of 21251?
79, 269
List the prime factors of 5.
5
What are the prime factors of 71845?
5, 14369
What are the prime factors of 518?
2, 7, 37
What are the prime factors of 26601?
3, 8867
What are the prime factors of 1699?
1699
List the prime factors of 153.
3, 17
List the prime factors of 39200.
2, 5, 7
What are the prime factors of 71368?
2, 11, 811
List the prime factors of 9757.
11, 887
What are the prime factors of 121618?
2, 7, 17, 73
List the prime factors of 2422.
2, 7, 173
List the prime factors of 1098.
2, 3, 61
List the prime factors of 319.
11, 29
List the prime factors of 11799.
3, 19, 23
What are the prime factors of 8891?
17, 523
What are the prime factors of 30533?
19, 1607
What are the prime factors of 1708